{"id":11908,"date":"2021-05-31T19:15:32","date_gmt":"2021-05-31T17:15:32","guid":{"rendered":"https:\/\/keune.ba\/1922-beard-balm\/"},"modified":"2026-04-29T13:22:03","modified_gmt":"2026-04-29T11:22:03","slug":"1922-beard-balm","status":"publish","type":"product","link":"https:\/\/keune.ba\/webshop\/1922-beard-balm\/","title":{"rendered":"1922 Beard Balm"},"content":{"rendered":"<p>Nje\u017eno dotjerivanje, a koje uz to i lijepo miri\u0161e.<\/p>\n<p>Beard Balm iz 1922 by J.M. Keune daje lagan i prirodan zavr\u0161ni rezultat, oboga\u0107en je hranjivim uljima koja bradu i ko\u017eu \u010dine mekom.<\/p>\n<p>Na\u0161 Beard Balm omogu\u0107uje vam njegovanje i odr\u017eavanje brade svih oblika i veli\u010dina, uz p\u010delinji vosak za prirodan zavr\u0161ni rezultat i lagano u\u010dvr\u0161\u0107enje.<\/p>\n<p>Budu\u0107i da smo stru\u010dnjaci u njezi kose, znamo kako kraljevski tretirati brade &#8211; s uljem Cannabis Sativa (konoplje) i shea maslacem za njegu brade.<\/p>\n<p>Ulje avokada i slatkog badema ne samo da hidratiziraju brade &#8211; ve\u0107 i brinu o ko\u017ei ispod nje.<\/p>\n<p>Neka komplimenti i dalje sti\u017eu! Protrljajte malu koli\u010dinu izme\u0111u dlanova, a zatim pro\u0111ite kroz bradu za njegu i stiliziranje<\/p>\n","protected":false},"excerpt":{"rendered":"<p>Balzam s laganim u\u010dvr\u0161\u0107enjem i prirodnim zavr\u0161nim rezultatom. Shea maslac hidratizira i hrani dlaku brade. Ulje slatkog badema i ulje kokosa njeguje, a p\u010delinji vosak dodaje prirodno u\u010dvr\u0161\u0107enje. Sadr\u017ei ulje avokada, ulje sjemenki marelice i konoplju.<\/p>\n","protected":false},"featured_media":18170,"template":"","meta":{"_acf_changed":false},"product_brand":[],"product_cat":[701,689,755,699,660],"product_tag":[],"class_list":{"0":"post-11908","1":"product","2":"type-product","3":"status-publish","4":"has-post-thumbnail","6":"product_cat-1922-by-j-m-keune","7":"product_cat-balzam-za-bradu","8":"product_cat-essential","9":"product_cat-robna-marka","10":"product_cat-za-muskarce","12":"first","13":"instock","14":"taxable","15":"shipping-taxable","16":"purchasable","17":"product-type-simple"},"acf":[],"_links":{"self":[{"href":"https:\/\/keune.ba\/webshop\/wp-json\/wp\/v2\/product\/11908","targetHints":{"allow":["GET"]}}],"collection":[{"href":"https:\/\/keune.ba\/webshop\/wp-json\/wp\/v2\/product"}],"about":[{"href":"https:\/\/keune.ba\/webshop\/wp-json\/wp\/v2\/types\/product"}],"version-history":[{"count":5,"href":"https:\/\/keune.ba\/webshop\/wp-json\/wp\/v2\/product\/11908\/revisions"}],"predecessor-version":[{"id":18172,"href":"https:\/\/keune.ba\/webshop\/wp-json\/wp\/v2\/product\/11908\/revisions\/18172"}],"wp:featuredmedia":[{"embeddable":true,"href":"https:\/\/keune.ba\/webshop\/wp-json\/wp\/v2\/media\/18170"}],"wp:attachment":[{"href":"https:\/\/keune.ba\/webshop\/wp-json\/wp\/v2\/media?parent=11908"}],"wp:term":[{"taxonomy":"product_brand","embeddable":true,"href":"https:\/\/keune.ba\/webshop\/wp-json\/wp\/v2\/product_brand?post=11908"},{"taxonomy":"product_cat","embeddable":true,"href":"https:\/\/keune.ba\/webshop\/wp-json\/wp\/v2\/product_cat?post=11908"},{"taxonomy":"product_tag","embeddable":true,"href":"https:\/\/keune.ba\/webshop\/wp-json\/wp\/v2\/product_tag?post=11908"}],"curies":[{"name":"wp","href":"https:\/\/api.w.org\/{rel}","templated":true}]}}