{"id":11940,"date":"2021-05-31T19:29:01","date_gmt":"2021-05-31T17:29:01","guid":{"rendered":"https:\/\/keune.ba\/1922-original-pomade\/"},"modified":"2026-05-04T11:21:37","modified_gmt":"2026-05-04T09:21:37","slug":"1922-original-pomade","status":"publish","type":"product","link":"https:\/\/keune.ba\/webshop\/1922-original-pomade\/","title":{"rendered":"1922 Original Pomade"},"content":{"rendered":"<p>Bezvremenska pomada sa srednje jakim u\u010dvr\u0161\u0107enjem. Koristi se za kreiranje zagla\u0111enih, sjajnih frizura na kratkoj do poludugoj kosi.<\/p>\n<p>Sadr\u017ei kreatin i konoplju.<\/p>\n","protected":false},"excerpt":{"rendered":"<p>Bezvremenska pomada sa srednje jakim u\u010dvr\u0161\u0107enjem. Koristi se za kreiranje zagla\u0111enih, sjajnih frizura na kratkoj do poludugoj kosi.<\/p>\n<p>Sadr\u017ei kreatin i konoplju.<\/p>\n","protected":false},"featured_media":18161,"template":"","meta":{"_acf_changed":false},"product_brand":[],"product_cat":[701,699,759,695,660],"product_tag":[762],"class_list":{"0":"post-11940","1":"product","2":"type-product","3":"status-publish","4":"has-post-thumbnail","6":"product_cat-1922-by-j-m-keune","7":"product_cat-robna-marka","8":"product_cat-styling-1922-by-j-m-keune","9":"product_cat-styling-za-muskarce","10":"product_cat-za-muskarce","11":"product_tag-sjajna-kosa","13":"first","14":"instock","15":"taxable","16":"shipping-taxable","17":"purchasable","18":"product-type-simple"},"acf":[],"_links":{"self":[{"href":"https:\/\/keune.ba\/webshop\/wp-json\/wp\/v2\/product\/11940","targetHints":{"allow":["GET"]}}],"collection":[{"href":"https:\/\/keune.ba\/webshop\/wp-json\/wp\/v2\/product"}],"about":[{"href":"https:\/\/keune.ba\/webshop\/wp-json\/wp\/v2\/types\/product"}],"version-history":[{"count":5,"href":"https:\/\/keune.ba\/webshop\/wp-json\/wp\/v2\/product\/11940\/revisions"}],"predecessor-version":[{"id":18163,"href":"https:\/\/keune.ba\/webshop\/wp-json\/wp\/v2\/product\/11940\/revisions\/18163"}],"wp:featuredmedia":[{"embeddable":true,"href":"https:\/\/keune.ba\/webshop\/wp-json\/wp\/v2\/media\/18161"}],"wp:attachment":[{"href":"https:\/\/keune.ba\/webshop\/wp-json\/wp\/v2\/media?parent=11940"}],"wp:term":[{"taxonomy":"product_brand","embeddable":true,"href":"https:\/\/keune.ba\/webshop\/wp-json\/wp\/v2\/product_brand?post=11940"},{"taxonomy":"product_cat","embeddable":true,"href":"https:\/\/keune.ba\/webshop\/wp-json\/wp\/v2\/product_cat?post=11940"},{"taxonomy":"product_tag","embeddable":true,"href":"https:\/\/keune.ba\/webshop\/wp-json\/wp\/v2\/product_tag?post=11940"}],"curies":[{"name":"wp","href":"https:\/\/api.w.org\/{rel}","templated":true}]}}