{"id":14686,"date":"2021-10-18T15:21:06","date_gmt":"2021-10-18T13:21:06","guid":{"rendered":"https:\/\/keune.ba\/?post_type=product&#038;p=14686"},"modified":"2026-04-28T23:21:48","modified_gmt":"2026-04-28T21:21:48","slug":"1922-strong-hold-wax","status":"publish","type":"product","link":"https:\/\/keune.ba\/webshop\/1922-strong-hold-wax\/","title":{"rendered":"1922 Strong Hold Wax"},"content":{"rendered":"<p>Beskrajno sna\u017eno dr\u017eanje i savr\u0161en sjaj? Keune&#8217;s Strong Hold Wax odr\u017eava va\u0161u kosu savr\u0161eno oblikovanom cijeli dan s idealnim sjajem zahvaljuju\u0107i jedinstvenoj formuli koja uklju\u010duje kreatin. Do\u017eivite poznati miris J.M. Keunea iz 1922. godine s dozom svje\u017ee, tople senzualnosti.<\/p>\n","protected":false},"excerpt":{"rendered":"<p>Beskrajno sna\u017eno dr\u017eanje i savr\u0161en sjaj? Keune&#8217;s Strong Hold Wax odr\u017eava va\u0161u kosu savr\u0161eno oblikovanom cijeli dan s idealnim sjajem zahvaljuju\u0107i jedinstvenoj formuli koja uklju\u010duje kreatin. Do\u017eivite poznati miris J.M. Keunea iz 1922. godine s dozom svje\u017ee, tople senzualnosti.<\/p>\n","protected":false},"featured_media":18155,"template":"","meta":{"_acf_changed":false},"product_brand":[],"product_cat":[701,695,759,688,660],"product_tag":[],"class_list":{"0":"post-14686","1":"product","2":"type-product","3":"status-publish","4":"has-post-thumbnail","6":"product_cat-1922-by-j-m-keune","7":"product_cat-styling-za-muskarce","8":"product_cat-styling-1922-by-j-m-keune","9":"product_cat-vosak","10":"product_cat-za-muskarce","12":"first","13":"instock","14":"taxable","15":"shipping-taxable","16":"purchasable","17":"product-type-simple"},"acf":[],"_links":{"self":[{"href":"https:\/\/keune.ba\/webshop\/wp-json\/wp\/v2\/product\/14686","targetHints":{"allow":["GET"]}}],"collection":[{"href":"https:\/\/keune.ba\/webshop\/wp-json\/wp\/v2\/product"}],"about":[{"href":"https:\/\/keune.ba\/webshop\/wp-json\/wp\/v2\/types\/product"}],"version-history":[{"count":3,"href":"https:\/\/keune.ba\/webshop\/wp-json\/wp\/v2\/product\/14686\/revisions"}],"predecessor-version":[{"id":18154,"href":"https:\/\/keune.ba\/webshop\/wp-json\/wp\/v2\/product\/14686\/revisions\/18154"}],"wp:featuredmedia":[{"embeddable":true,"href":"https:\/\/keune.ba\/webshop\/wp-json\/wp\/v2\/media\/18155"}],"wp:attachment":[{"href":"https:\/\/keune.ba\/webshop\/wp-json\/wp\/v2\/media?parent=14686"}],"wp:term":[{"taxonomy":"product_brand","embeddable":true,"href":"https:\/\/keune.ba\/webshop\/wp-json\/wp\/v2\/product_brand?post=14686"},{"taxonomy":"product_cat","embeddable":true,"href":"https:\/\/keune.ba\/webshop\/wp-json\/wp\/v2\/product_cat?post=14686"},{"taxonomy":"product_tag","embeddable":true,"href":"https:\/\/keune.ba\/webshop\/wp-json\/wp\/v2\/product_tag?post=14686"}],"curies":[{"name":"wp","href":"https:\/\/api.w.org\/{rel}","templated":true}]}}