{"id":16253,"date":"2024-02-19T10:47:12","date_gmt":"2024-02-19T09:47:12","guid":{"rendered":"https:\/\/keune.ba\/webshop\/?post_type=product&#038;p=16253"},"modified":"2026-05-03T09:21:19","modified_gmt":"2026-05-03T07:21:19","slug":"revive-balm-50-ml","status":"publish","type":"product","link":"https:\/\/keune.ba\/webshop\/revive-balm-50-ml\/","title":{"rendered":"Revive Balm 50 ml"},"content":{"rendered":"<p>Pobijedite lomljenje kose i blije\u0111enje boje! Luksuzni leave-in tretman koji \u0107e odmah pobolj\u0161ati svaku boju, balayage i posvjetljivanje. Otklju\u010dajte unutarnju snagu kose i u\u017eivajte u \u017eivopisnim, dugotrajnim bojama s Revive Balmom.<\/p>\n<p>Jednostavno zamijenite redovni regenerator ili masku koju koristite nakon tretmana bojom ili posvjetljivanjem s Keune Revive Balmom kako biste u\u017eivali u vrhunskim pogodnostima:<\/p>\n<ul>\n<li>Obnavlja o\u0161te\u0107enu kosu do 73%*<\/li>\n<li>\u010cuva 95% boje nakon 5 tjedana**<\/li>\n<li>Leave-in balzam, njeguje kosu bez ote\u017eavanja<\/li>\n<li>Za\u0161tita od topline: do 230\u00b0C<\/li>\n<li>Veganski i bez okrutnosti<\/li>\n<li>90% prirodnih sastojaka<\/li>\n<\/ul>\n<p>Za sve teksture kose, tretirane bojom, izbjeljene, o\u0161te\u0107ene i prirodne kose.<\/p>\n","protected":false},"excerpt":{"rendered":"<ul>\n<li>Obnavlja o\u0161te\u0107enu kosu do 73%*<\/li>\n<li>\u010cuva 95% boje nakon 5 tjedana**<\/li>\n<li>Leave-in balzam, njeguje kosu bez ote\u017eavanja<\/li>\n<li>Za\u0161tita od topline: do 230\u00b0C<\/li>\n<li>Veganski i bez okrutnosti<\/li>\n<li>90% prirodnih sastojaka<\/li>\n<\/ul>\n","protected":false},"featured_media":16255,"template":"","meta":{"_acf_changed":false},"product_brand":[],"product_cat":[704,867,674,657],"product_tag":[846,848,847,769],"class_list":{"0":"post-16253","1":"product","2":"type-product","3":"status-publish","4":"has-post-thumbnail","6":"product_cat-care","7":"product_cat-instant-revive","8":"product_cat-leave-in-regenerator","9":"product_cat-njega-kose","10":"product_tag-cuva-95-boje","11":"product_tag-leave-in","12":"product_tag-obnavlja-osteceno-kosu","13":"product_tag-zastita-od-topline","15":"first","16":"instock","17":"taxable","18":"shipping-taxable","19":"purchasable","20":"product-type-simple"},"acf":[],"_links":{"self":[{"href":"https:\/\/keune.ba\/webshop\/wp-json\/wp\/v2\/product\/16253","targetHints":{"allow":["GET"]}}],"collection":[{"href":"https:\/\/keune.ba\/webshop\/wp-json\/wp\/v2\/product"}],"about":[{"href":"https:\/\/keune.ba\/webshop\/wp-json\/wp\/v2\/types\/product"}],"version-history":[{"count":3,"href":"https:\/\/keune.ba\/webshop\/wp-json\/wp\/v2\/product\/16253\/revisions"}],"predecessor-version":[{"id":16258,"href":"https:\/\/keune.ba\/webshop\/wp-json\/wp\/v2\/product\/16253\/revisions\/16258"}],"wp:featuredmedia":[{"embeddable":true,"href":"https:\/\/keune.ba\/webshop\/wp-json\/wp\/v2\/media\/16255"}],"wp:attachment":[{"href":"https:\/\/keune.ba\/webshop\/wp-json\/wp\/v2\/media?parent=16253"}],"wp:term":[{"taxonomy":"product_brand","embeddable":true,"href":"https:\/\/keune.ba\/webshop\/wp-json\/wp\/v2\/product_brand?post=16253"},{"taxonomy":"product_cat","embeddable":true,"href":"https:\/\/keune.ba\/webshop\/wp-json\/wp\/v2\/product_cat?post=16253"},{"taxonomy":"product_tag","embeddable":true,"href":"https:\/\/keune.ba\/webshop\/wp-json\/wp\/v2\/product_tag?post=16253"}],"curies":[{"name":"wp","href":"https:\/\/api.w.org\/{rel}","templated":true}]}}