{"id":16824,"date":"2024-09-05T12:52:54","date_gmt":"2024-09-05T10:52:54","guid":{"rendered":"https:\/\/keune.ba\/webshop\/?post_type=product&#038;p=16824"},"modified":"2025-12-18T16:02:58","modified_gmt":"2025-12-18T15:02:58","slug":"style-spring-loaded-150-ml","status":"publish","type":"product","link":"https:\/\/keune.ba\/webshop\/style-spring-loaded-150-ml\/","title":{"rendered":"Style Spring Loaded 150 ml"},"content":{"rendered":"<p>Napunite, nahranite i definirajte kovr\u010de ovim mekanim gelom.<\/p>\n<p>Do\u017eivite najbolje od oba svijeta: hranjivost koju tra\u017eite od kreme, u kombinaciji s u\u010dvr\u0161\u0107enjem gela. Poja\u010dajte svoje prirodne kovr\u010de oblikujte ih, ostavlja kosu hidratiziranim i smanjuje frizzy efekt. To je osnovni proizvod za odr\u017eavanje i oblikovanje kovr\u010dave do afro kovr\u010dave kose.<\/p>\n<p><strong>Kako koristiti?<\/strong><\/p>\n<ul>\n<li>Nanesite pramen po pramen na vla\u017enu do mokru kosu. Koli\u010dina \u0107e ovisiti o du\u017einii gusto\u0107i va\u0161e kose.<\/li>\n<li>Osu\u0161ite uz pomo\u0107 difuzora ili osu\u0161ite na zraku<\/li>\n<\/ul>\n","protected":false},"excerpt":{"rendered":"<p>Stvara dobro definirane, hidratizirane kovr\u010de sa smanjenim frizzy efektom.<\/p>\n<ul>\n<li>Hranjivost koju tra\u017eite od kreme,u kombinaciji s u\u010dvr\u0161\u0107enjem gela<\/li>\n<li>Poja\u010dava prirodan oblik kovr\u010de<\/li>\n<li>Daje sjaj i gipkost<\/li>\n<li>Oboga\u0107en pantenolom i kokosovim uljem za njegu kovr\u010da<\/li>\n<li>Sadr\u017ei vitamin E, prirodni antioksidans.<\/li>\n<li>Poma\u017ee za za\u0161titu kose od vanjskih utjecaja<\/li>\n<li>Sadr\u017ei ekstrakte lanenih i chia sjemenki koje imaju svojstvo smanjenju frizzy efekta<\/li>\n<\/ul>\n","protected":false},"featured_media":16803,"template":"","meta":{"_acf_changed":false},"product_brand":[],"product_cat":[699,677,679,851,702,658],"product_tag":[],"class_list":{"0":"post-16824","1":"product","2":"type-product","3":"status-publish","4":"has-post-thumbnail","6":"product_cat-robna-marka","7":"product_cat-gel-styling","8":"product_cat-krema-styling","9":"product_cat-shape-and-texture","10":"product_cat-style","11":"product_cat-styling","13":"first","14":"instock","15":"taxable","16":"shipping-taxable","17":"purchasable","18":"product-type-simple"},"acf":[],"_links":{"self":[{"href":"https:\/\/keune.ba\/webshop\/wp-json\/wp\/v2\/product\/16824","targetHints":{"allow":["GET"]}}],"collection":[{"href":"https:\/\/keune.ba\/webshop\/wp-json\/wp\/v2\/product"}],"about":[{"href":"https:\/\/keune.ba\/webshop\/wp-json\/wp\/v2\/types\/product"}],"version-history":[{"count":2,"href":"https:\/\/keune.ba\/webshop\/wp-json\/wp\/v2\/product\/16824\/revisions"}],"predecessor-version":[{"id":16826,"href":"https:\/\/keune.ba\/webshop\/wp-json\/wp\/v2\/product\/16824\/revisions\/16826"}],"wp:featuredmedia":[{"embeddable":true,"href":"https:\/\/keune.ba\/webshop\/wp-json\/wp\/v2\/media\/16803"}],"wp:attachment":[{"href":"https:\/\/keune.ba\/webshop\/wp-json\/wp\/v2\/media?parent=16824"}],"wp:term":[{"taxonomy":"product_brand","embeddable":true,"href":"https:\/\/keune.ba\/webshop\/wp-json\/wp\/v2\/product_brand?post=16824"},{"taxonomy":"product_cat","embeddable":true,"href":"https:\/\/keune.ba\/webshop\/wp-json\/wp\/v2\/product_cat?post=16824"},{"taxonomy":"product_tag","embeddable":true,"href":"https:\/\/keune.ba\/webshop\/wp-json\/wp\/v2\/product_tag?post=16824"}],"curies":[{"name":"wp","href":"https:\/\/api.w.org\/{rel}","templated":true}]}}