{"id":16845,"date":"2024-09-05T13:00:27","date_gmt":"2024-09-05T11:00:27","guid":{"rendered":"https:\/\/keune.ba\/webshop\/?post_type=product&#038;p=16845"},"modified":"2025-12-18T16:02:58","modified_gmt":"2025-12-18T15:02:58","slug":"style-restyler-100-ml","status":"publish","type":"product","link":"https:\/\/keune.ba\/webshop\/style-restyler-100-ml\/","title":{"rendered":"Style Restyler 100 ml"},"content":{"rendered":"<p>Do\u017eivite svestranost na\u0161e Restyler paste za oblikovanje, pru\u017ea prirodan sjaj i jako u\u010dvr\u0161\u0107ivanje, oboga\u0107eno hranjivim pantenolom za ja\u010danje i revitalizaciju va\u0161e kose.<\/p>\n<p><strong>Kako koristiti?<\/strong><br \/>\nUtrljajte malu koli\u010dinu u dlanove, zatim pro\u0111ite kroz suhu kosu.<\/p>\n","protected":false},"excerpt":{"rendered":"<p>Nudi prirodan sjaj i jako u\u010dvr\u0161\u0107ivanje, dok dopu\u0161ta \u010dak i restiliziranje tijekom dana. Hrani kosu.<\/p>\n<ul>\n<li>Dodaje fleksibilno u\u010dvr\u0161\u0107enje, osiguravaju\u0107i da mo\u017eete lako restilizirati kosu<\/li>\n<li>Dodaje prirodan sjaj<\/li>\n<li>Oboga\u0107en pantenolom za ja\u010danje i njegu kose<\/li>\n<\/ul>\n","protected":false},"featured_media":16779,"template":"","meta":{"_acf_changed":false},"product_brand":[],"product_cat":[699,682,851,702,658],"product_tag":[],"class_list":{"0":"post-16845","1":"product","2":"type-product","3":"status-publish","4":"has-post-thumbnail","6":"product_cat-robna-marka","7":"product_cat-pasta","8":"product_cat-shape-and-texture","9":"product_cat-style","10":"product_cat-styling","12":"first","13":"instock","14":"taxable","15":"shipping-taxable","16":"purchasable","17":"product-type-simple"},"acf":[],"_links":{"self":[{"href":"https:\/\/keune.ba\/webshop\/wp-json\/wp\/v2\/product\/16845","targetHints":{"allow":["GET"]}}],"collection":[{"href":"https:\/\/keune.ba\/webshop\/wp-json\/wp\/v2\/product"}],"about":[{"href":"https:\/\/keune.ba\/webshop\/wp-json\/wp\/v2\/types\/product"}],"version-history":[{"count":2,"href":"https:\/\/keune.ba\/webshop\/wp-json\/wp\/v2\/product\/16845\/revisions"}],"predecessor-version":[{"id":16847,"href":"https:\/\/keune.ba\/webshop\/wp-json\/wp\/v2\/product\/16845\/revisions\/16847"}],"wp:featuredmedia":[{"embeddable":true,"href":"https:\/\/keune.ba\/webshop\/wp-json\/wp\/v2\/media\/16779"}],"wp:attachment":[{"href":"https:\/\/keune.ba\/webshop\/wp-json\/wp\/v2\/media?parent=16845"}],"wp:term":[{"taxonomy":"product_brand","embeddable":true,"href":"https:\/\/keune.ba\/webshop\/wp-json\/wp\/v2\/product_brand?post=16845"},{"taxonomy":"product_cat","embeddable":true,"href":"https:\/\/keune.ba\/webshop\/wp-json\/wp\/v2\/product_cat?post=16845"},{"taxonomy":"product_tag","embeddable":true,"href":"https:\/\/keune.ba\/webshop\/wp-json\/wp\/v2\/product_tag?post=16845"}],"curies":[{"name":"wp","href":"https:\/\/api.w.org\/{rel}","templated":true}]}}