{"id":16851,"date":"2024-09-05T13:02:45","date_gmt":"2024-09-05T11:02:45","guid":{"rendered":"https:\/\/keune.ba\/webshop\/?post_type=product&#038;p=16851"},"modified":"2025-12-18T16:02:58","modified_gmt":"2025-12-18T15:02:58","slug":"style-gloss-guard-100-ml","status":"publish","type":"product","link":"https:\/\/keune.ba\/webshop\/style-gloss-guard-100-ml\/","title":{"rendered":"Style Gloss Guard 100 ml"},"content":{"rendered":"<p>Do\u017eivite ultimativni sjaj s na\u0161im vi\u0161enamjenskim sjajilom za kosu! Postignite cjelodnevnu blistavost i izradite dotjeran izgled s fleksibilnim krajnjim rezultatom.<\/p>\n<p>Jedinstvena mje\u0161avina sastojaka osigurava sjaj kose koji traje. Idealan za ukro\u0107ivanje lete\u0107ih vlasi za dodavanje zagla\u0111enog krajnjeg rezultata na kratkoj suhoj kosi ili stvaranje besprijekornih pletenica.<\/p>\n<p><strong>Kako koristiti?<\/strong><br \/>\nNanesite malu koli\u010dinu Gloss Guarda na svoje vrhove prstiju ili na dlanove, zatim nje\u017eno zagladite cijelu du\u017einu kose.<\/p>\n","protected":false},"excerpt":{"rendered":"<p>Kosa bez frizzy efekta s nevjerojatnim sjajem mokrog izgleda.<\/p>\n<ul>\n<li>Dodaje nevjerojatan sjaj<\/li>\n<li>Zagla\u0111uje frizzy efekt<\/li>\n<li>Nudi fleksibilno u\u010dvr\u0161\u0107enje za svestrano oblikovanje<\/li>\n<li>Sadr\u017ei biljne proteine kao pomo\u0107 za ja\u010danje kose<\/li>\n<li>Sadr\u017ei pantenol za dodatnu njegu<\/li>\n<\/ul>\n","protected":false},"featured_media":16781,"template":"","meta":{"_acf_changed":false},"product_brand":[],"product_cat":[699,682,853,702,658,688],"product_tag":[],"class_list":{"0":"post-16851","1":"product","2":"type-product","3":"status-publish","4":"has-post-thumbnail","6":"product_cat-robna-marka","7":"product_cat-pasta","8":"product_cat-smooth-and-shine","9":"product_cat-style","10":"product_cat-styling","11":"product_cat-vosak","13":"first","14":"instock","15":"taxable","16":"shipping-taxable","17":"purchasable","18":"product-type-simple"},"acf":[],"_links":{"self":[{"href":"https:\/\/keune.ba\/webshop\/wp-json\/wp\/v2\/product\/16851","targetHints":{"allow":["GET"]}}],"collection":[{"href":"https:\/\/keune.ba\/webshop\/wp-json\/wp\/v2\/product"}],"about":[{"href":"https:\/\/keune.ba\/webshop\/wp-json\/wp\/v2\/types\/product"}],"version-history":[{"count":2,"href":"https:\/\/keune.ba\/webshop\/wp-json\/wp\/v2\/product\/16851\/revisions"}],"predecessor-version":[{"id":16853,"href":"https:\/\/keune.ba\/webshop\/wp-json\/wp\/v2\/product\/16851\/revisions\/16853"}],"wp:featuredmedia":[{"embeddable":true,"href":"https:\/\/keune.ba\/webshop\/wp-json\/wp\/v2\/media\/16781"}],"wp:attachment":[{"href":"https:\/\/keune.ba\/webshop\/wp-json\/wp\/v2\/media?parent=16851"}],"wp:term":[{"taxonomy":"product_brand","embeddable":true,"href":"https:\/\/keune.ba\/webshop\/wp-json\/wp\/v2\/product_brand?post=16851"},{"taxonomy":"product_cat","embeddable":true,"href":"https:\/\/keune.ba\/webshop\/wp-json\/wp\/v2\/product_cat?post=16851"},{"taxonomy":"product_tag","embeddable":true,"href":"https:\/\/keune.ba\/webshop\/wp-json\/wp\/v2\/product_tag?post=16851"}],"curies":[{"name":"wp","href":"https:\/\/api.w.org\/{rel}","templated":true}]}}