{"id":16863,"date":"2024-09-05T13:06:32","date_gmt":"2024-09-05T11:06:32","guid":{"rendered":"https:\/\/keune.ba\/webshop\/?post_type=product&#038;p=16863"},"modified":"2025-12-18T16:02:56","modified_gmt":"2025-12-18T15:02:56","slug":"style-liquid-lock-200-ml","status":"publish","type":"product","link":"https:\/\/keune.ba\/webshop\/style-liquid-lock-200-ml\/","title":{"rendered":"Style Liquid Lock 200 ml"},"content":{"rendered":"<p>Teku\u0107i zavr\u0161ni lak za kosu, savr\u0161en za nagla\u0161avanje teksture, nude\u0107i sna\u017eno u\u010dvr\u0161\u0107enje od 48 sati. Idealan je za sve va\u0161e potrebe.<\/p>\n<p><strong>Kako koristiti?<\/strong><\/p>\n<ul>\n<li>Dobro protresti prije upotrebe<\/li>\n<li>Ravnomjerno nanesite na suhu kosu s udaljenosti od 30 cm (12\u201d)<\/li>\n<li>Za zavr\u0161etak mokrog izgleda, poprskajte na vla\u017enu kosu.<\/li>\n<\/ul>\n","protected":false},"excerpt":{"rendered":"<ul>\n<li>Nagla\u0161ena tekstura, neodoljiv sjaj i sna\u017eno u\u010dvr\u0161\u0107enje.<\/li>\n<li>Svestrani zavr\u0161ni sprej bez aerosola<\/li>\n<li>Intenzivno u\u010dvr\u0161\u0107enje<\/li>\n<li>Sadr\u017ei pantenol za njegu kose<\/li>\n<li>Sadr\u017ei vitamin E, prirodni antioksidans.<\/li>\n<li>Poma\u017ee za\u0161tititi kose od vanjskih utjecaja<\/li>\n<li>Za wet-look s velikim sjajem<\/li>\n<\/ul>\n","protected":false},"featured_media":16785,"template":"","meta":{"_acf_changed":false},"product_brand":[],"product_cat":[699,854,680,702,658],"product_tag":[],"class_list":{"0":"post-16863","1":"product","2":"type-product","3":"status-publish","4":"has-post-thumbnail","6":"product_cat-robna-marka","7":"product_cat-fix-and-finish","8":"product_cat-lak","9":"product_cat-style","10":"product_cat-styling","12":"first","13":"instock","14":"taxable","15":"shipping-taxable","16":"purchasable","17":"product-type-simple"},"acf":[],"_links":{"self":[{"href":"https:\/\/keune.ba\/webshop\/wp-json\/wp\/v2\/product\/16863","targetHints":{"allow":["GET"]}}],"collection":[{"href":"https:\/\/keune.ba\/webshop\/wp-json\/wp\/v2\/product"}],"about":[{"href":"https:\/\/keune.ba\/webshop\/wp-json\/wp\/v2\/types\/product"}],"version-history":[{"count":2,"href":"https:\/\/keune.ba\/webshop\/wp-json\/wp\/v2\/product\/16863\/revisions"}],"predecessor-version":[{"id":16865,"href":"https:\/\/keune.ba\/webshop\/wp-json\/wp\/v2\/product\/16863\/revisions\/16865"}],"wp:featuredmedia":[{"embeddable":true,"href":"https:\/\/keune.ba\/webshop\/wp-json\/wp\/v2\/media\/16785"}],"wp:attachment":[{"href":"https:\/\/keune.ba\/webshop\/wp-json\/wp\/v2\/media?parent=16863"}],"wp:term":[{"taxonomy":"product_brand","embeddable":true,"href":"https:\/\/keune.ba\/webshop\/wp-json\/wp\/v2\/product_brand?post=16863"},{"taxonomy":"product_cat","embeddable":true,"href":"https:\/\/keune.ba\/webshop\/wp-json\/wp\/v2\/product_cat?post=16863"},{"taxonomy":"product_tag","embeddable":true,"href":"https:\/\/keune.ba\/webshop\/wp-json\/wp\/v2\/product_tag?post=16863"}],"curies":[{"name":"wp","href":"https:\/\/api.w.org\/{rel}","templated":true}]}}