{"id":16866,"date":"2024-09-05T13:07:56","date_gmt":"2024-09-05T11:07:56","guid":{"rendered":"https:\/\/keune.ba\/webshop\/?post_type=product&#038;p=16866"},"modified":"2025-12-18T16:02:58","modified_gmt":"2025-12-18T15:02:58","slug":"style-resetter-200-ml","status":"publish","type":"product","link":"https:\/\/keune.ba\/webshop\/style-resetter-200-ml\/","title":{"rendered":"Style Resetter 200 ml"},"content":{"rendered":"<p>Prepustite se luksuznoj njezi na\u0161eg mikrobioma, proizvod koji izgra\u0111uje va\u0161e veze unutar kose i resetira va\u0161 styling<\/p>\n<p>Pro\u017eet prebioticima, ru\u017emarinom i Betainom ne samo da njeguje vlasi\u0161te nego i \u0161titi kosu od topline do 230\u00b0C\/446\u00b0F.<\/p>\n<p><strong>Kako koristiti?<\/strong><\/p>\n<ul>\n<li>Dobro protresite prije upotrebe kako biste bili sigurni da se aktivni sastojci ravnomjerno rasporede.<\/li>\n<li>Raspr\u0161ite na suhu kosu, od korijena do vrhova.<\/li>\n<li>Osu\u0161ite i stilizirajte po \u017eelji.<\/li>\n<\/ul>\n","protected":false},"excerpt":{"rendered":"<ul>\n<li>Vi\u0161estruko korisan proizvod. Poti\u010de zdravlje vlasi\u0161te, ja\u010da veze unutar kose, pru\u017ea toplinsku za\u0161titu.<\/li>\n<li>Vi\u0161estruko u\u010dinkovit proizvod koji vra\u0107a va\u0161 izgled na po\u010detne postavke<\/li>\n<li>Za\u0161tita od topline do 230\u00b0C\/ 446\u00b0F<\/li>\n<li>Oboga\u0107en betainom: Stimulira zdravo vlasi\u0161te i ja\u010da vlakna kose<\/li>\n<li>Sadr\u017ei prebiotike koji poma\u017eu u pobolj\u0161anju zdravlja vlasi\u0161ta, podr\u017eavanjem uravnote\u017eenog mikrobioma<\/li>\n<li>Integrirana Bond Fuser tehnologija, jedinstven kompleks koji \u0161titi postoje\u0107e disulfidne veze i stvara nove veze za za\u0161titu integriteta od kose<\/li>\n<li>Pro\u017eeto uljem ru\u017emarina za koje je poznato da poma\u017ee sprije\u010diti gubitak kose<\/li>\n<\/ul>\n","protected":false},"featured_media":16786,"template":"","meta":{"_acf_changed":false},"product_brand":[],"product_cat":[699,850,686,702,658],"product_tag":[],"class_list":{"0":"post-16866","1":"product","2":"type-product","3":"status-publish","4":"has-post-thumbnail","6":"product_cat-robna-marka","7":"product_cat-prep-and-prime","8":"product_cat-sprej-styling","9":"product_cat-style","10":"product_cat-styling","12":"first","13":"instock","14":"taxable","15":"shipping-taxable","16":"purchasable","17":"product-type-simple"},"acf":[],"_links":{"self":[{"href":"https:\/\/keune.ba\/webshop\/wp-json\/wp\/v2\/product\/16866","targetHints":{"allow":["GET"]}}],"collection":[{"href":"https:\/\/keune.ba\/webshop\/wp-json\/wp\/v2\/product"}],"about":[{"href":"https:\/\/keune.ba\/webshop\/wp-json\/wp\/v2\/types\/product"}],"version-history":[{"count":2,"href":"https:\/\/keune.ba\/webshop\/wp-json\/wp\/v2\/product\/16866\/revisions"}],"predecessor-version":[{"id":16868,"href":"https:\/\/keune.ba\/webshop\/wp-json\/wp\/v2\/product\/16866\/revisions\/16868"}],"wp:featuredmedia":[{"embeddable":true,"href":"https:\/\/keune.ba\/webshop\/wp-json\/wp\/v2\/media\/16786"}],"wp:attachment":[{"href":"https:\/\/keune.ba\/webshop\/wp-json\/wp\/v2\/media?parent=16866"}],"wp:term":[{"taxonomy":"product_brand","embeddable":true,"href":"https:\/\/keune.ba\/webshop\/wp-json\/wp\/v2\/product_brand?post=16866"},{"taxonomy":"product_cat","embeddable":true,"href":"https:\/\/keune.ba\/webshop\/wp-json\/wp\/v2\/product_cat?post=16866"},{"taxonomy":"product_tag","embeddable":true,"href":"https:\/\/keune.ba\/webshop\/wp-json\/wp\/v2\/product_tag?post=16866"}],"curies":[{"name":"wp","href":"https:\/\/api.w.org\/{rel}","templated":true}]}}