{"id":16890,"date":"2024-09-05T13:16:04","date_gmt":"2024-09-05T11:16:04","guid":{"rendered":"https:\/\/keune.ba\/webshop\/?post_type=product&#038;p=16890"},"modified":"2025-12-18T16:02:58","modified_gmt":"2025-12-18T15:02:58","slug":"style-thick-trick-200-ml","status":"publish","type":"product","link":"https:\/\/keune.ba\/webshop\/style-thick-trick-200-ml\/","title":{"rendered":"Style Thick Trick 200 ml"},"content":{"rendered":"<p>Do\u017eivite ultimativno poja\u010danje uz na\u0161 Thick Trick sprej koji daje volumen kosi.<\/p>\n<p>Ovaj sprej za volumen, sadr\u017ei Bond Fuser, tehnologiju, daje gu\u0161\u0107u, puniju kosu. Tako\u0111er nudi za\u0161titu od topline do 230\u00b0C\/446\u00b0F, osiguravaju\u0107i va\u0161oj kosi zdravlje i ja\u010dinu kod u\u010destalog stiliziranja kose.<\/p>\n<p><strong>Kako koristiti?<\/strong><\/p>\n<ul>\n<li>Prije upotrebe dobro protresite kako biste bili sigurni da se aktivni sastojci ravnomjerno pro\u017emu.<\/li>\n<li>Raspr\u0161ite na suhu kosu s udaljenosti od 16 cm (6\u201d).<\/li>\n<li>Za ciljani volumen, usredoto\u010dite se na prskanje korijena kose. Koristite su\u0161ilo za kosu za oblikovanje kose po \u017eelji.<\/li>\n<\/ul>\n","protected":false},"excerpt":{"rendered":"<p>Podignite svoj styling na nove visine s proizvodom koji podebljava i \u010dini vlas punijom.<\/p>\n<ul>\n<li>Za punije, gu\u0161\u0107e, voluminozne frizure<\/li>\n<li>Kukuruzni \u0161krob za fleksibilno u\u010dvr\u0161\u0107enje<\/li>\n<li>Sadr\u017ei biljne proteine za ja\u010danje kose<\/li>\n<li>Sadr\u017ei pantenol za dodatnu njegu<\/li>\n<li>Za\u0161tita od topline do 230 \u00b0C\/446\u00b0F<\/li>\n<li>Integrirana Bond Fuser tehnologija, jedinstveni kompleks koji \u0161titi postoje\u0107e disulfidne veze i stvara nove veze za za\u0161titu integriteta kose<\/li>\n<\/ul>\n","protected":false},"featured_media":16793,"template":"","meta":{"_acf_changed":false},"product_brand":[],"product_cat":[699,686,702,658,852],"product_tag":[],"class_list":{"0":"post-16890","1":"product","2":"type-product","3":"status-publish","4":"has-post-thumbnail","6":"product_cat-robna-marka","7":"product_cat-sprej-styling","8":"product_cat-style","9":"product_cat-styling","10":"product_cat-volume-and-grip","12":"first","13":"instock","14":"taxable","15":"shipping-taxable","16":"purchasable","17":"product-type-simple"},"acf":[],"_links":{"self":[{"href":"https:\/\/keune.ba\/webshop\/wp-json\/wp\/v2\/product\/16890","targetHints":{"allow":["GET"]}}],"collection":[{"href":"https:\/\/keune.ba\/webshop\/wp-json\/wp\/v2\/product"}],"about":[{"href":"https:\/\/keune.ba\/webshop\/wp-json\/wp\/v2\/types\/product"}],"version-history":[{"count":2,"href":"https:\/\/keune.ba\/webshop\/wp-json\/wp\/v2\/product\/16890\/revisions"}],"predecessor-version":[{"id":16892,"href":"https:\/\/keune.ba\/webshop\/wp-json\/wp\/v2\/product\/16890\/revisions\/16892"}],"wp:featuredmedia":[{"embeddable":true,"href":"https:\/\/keune.ba\/webshop\/wp-json\/wp\/v2\/media\/16793"}],"wp:attachment":[{"href":"https:\/\/keune.ba\/webshop\/wp-json\/wp\/v2\/media?parent=16890"}],"wp:term":[{"taxonomy":"product_brand","embeddable":true,"href":"https:\/\/keune.ba\/webshop\/wp-json\/wp\/v2\/product_brand?post=16890"},{"taxonomy":"product_cat","embeddable":true,"href":"https:\/\/keune.ba\/webshop\/wp-json\/wp\/v2\/product_cat?post=16890"},{"taxonomy":"product_tag","embeddable":true,"href":"https:\/\/keune.ba\/webshop\/wp-json\/wp\/v2\/product_tag?post=16890"}],"curies":[{"name":"wp","href":"https:\/\/api.w.org\/{rel}","templated":true}]}}