{"id":16893,"date":"2024-09-05T13:17:23","date_gmt":"2024-09-05T11:17:23","guid":{"rendered":"https:\/\/keune.ba\/webshop\/?post_type=product&#038;p=16893"},"modified":"2025-12-18T16:02:58","modified_gmt":"2025-12-18T15:02:58","slug":"style-stay-putt-100-ml","status":"publish","type":"product","link":"https:\/\/keune.ba\/webshop\/style-stay-putt-100-ml\/","title":{"rendered":"Style Stay Putt 100 ml"},"content":{"rendered":"<p>Stay Putt je kremasto blato za oblikovanje s mat zavr\u0161nim rezultatom.<\/p>\n<p>Oboga\u0107en sa shea maslacem, pru\u017ea osje\u0107aj meko\u0107e kose na dodir, a nudi fleksibilnu mogu\u0107nost stiliziranja.<\/p>\n<p><strong>Kako koristiti?<\/strong><br \/>\nUtrljajte malu koli\u010dinu u dlanove zatim pro\u0111ite kroz suhu kosu.<\/p>\n","protected":false},"excerpt":{"rendered":"<p>Omogu\u0107uje fleksibilno u\u010dvr\u0161\u0107enje s mat zavr\u0161nim rezultatom.<\/p>\n<ul>\n<li>Za frizure koje se mogu preoblikovati<\/li>\n<li>Mat zavr\u0161ni rezultat i srednje u\u010dvr\u0161\u0107enje<\/li>\n<li>Osje\u0107aj kose mekana na dodir<\/li>\n<li>Oboga\u0107en Shea maslacem za hidrataciju kose<\/li>\n<\/ul>\n","protected":false},"featured_media":16794,"template":"","meta":{"_acf_changed":false},"product_brand":[],"product_cat":[699,854,678,702,658],"product_tag":[],"class_list":{"0":"post-16893","1":"product","2":"type-product","3":"status-publish","4":"has-post-thumbnail","6":"product_cat-robna-marka","7":"product_cat-fix-and-finish","8":"product_cat-glina","9":"product_cat-style","10":"product_cat-styling","12":"first","13":"instock","14":"taxable","15":"shipping-taxable","16":"purchasable","17":"product-type-simple"},"acf":[],"_links":{"self":[{"href":"https:\/\/keune.ba\/webshop\/wp-json\/wp\/v2\/product\/16893","targetHints":{"allow":["GET"]}}],"collection":[{"href":"https:\/\/keune.ba\/webshop\/wp-json\/wp\/v2\/product"}],"about":[{"href":"https:\/\/keune.ba\/webshop\/wp-json\/wp\/v2\/types\/product"}],"version-history":[{"count":2,"href":"https:\/\/keune.ba\/webshop\/wp-json\/wp\/v2\/product\/16893\/revisions"}],"predecessor-version":[{"id":16895,"href":"https:\/\/keune.ba\/webshop\/wp-json\/wp\/v2\/product\/16893\/revisions\/16895"}],"wp:featuredmedia":[{"embeddable":true,"href":"https:\/\/keune.ba\/webshop\/wp-json\/wp\/v2\/media\/16794"}],"wp:attachment":[{"href":"https:\/\/keune.ba\/webshop\/wp-json\/wp\/v2\/media?parent=16893"}],"wp:term":[{"taxonomy":"product_brand","embeddable":true,"href":"https:\/\/keune.ba\/webshop\/wp-json\/wp\/v2\/product_brand?post=16893"},{"taxonomy":"product_cat","embeddable":true,"href":"https:\/\/keune.ba\/webshop\/wp-json\/wp\/v2\/product_cat?post=16893"},{"taxonomy":"product_tag","embeddable":true,"href":"https:\/\/keune.ba\/webshop\/wp-json\/wp\/v2\/product_tag?post=16893"}],"curies":[{"name":"wp","href":"https:\/\/api.w.org\/{rel}","templated":true}]}}