{"id":17628,"date":"2025-09-04T13:56:59","date_gmt":"2025-09-04T11:56:59","guid":{"rendered":"https:\/\/keune.ba\/webshop\/?post_type=product&#038;p=17628"},"modified":"2025-12-18T16:03:03","modified_gmt":"2025-12-18T15:03:03","slug":"radiant-gloss-illuminating-hair-gloss","status":"publish","type":"product","link":"https:\/\/keune.ba\/webshop\/radiant-gloss-illuminating-hair-gloss\/","title":{"rendered":"Radiant Gloss \u2014 Illuminating Hair Gloss"},"content":{"rendered":"<p>ZA\u0160TO DJELUJE<br \/>\n\u2192 \u010cini sjaj intenzivnijim<br \/>\nZagla\u0111uje vlasi kose za pobolj\u0161ano reflektiranje<br \/>\nsvjetlosti i blistav izgled<br \/>\n\u2192 Dubinski hidratizira i hrani<br \/>\nVra\u0107a hidriranost za meku, svilenkastu kosu laku<br \/>\nza odr\u017eavanje<br \/>\n\u2192 Umanjuje ispucale i neobuzdane vlasi<br \/>\nStvara ugla\u0111en, elegantan izgled bez<br \/>\note\u017eavanja kose<br \/>\n\u2192 Meko i zagla\u0111eno<br \/>\n\u010cini kosu prozra\u010dnom, sjajnom i punom<br \/>\npokretljivosti<\/p>\n<p>ZA KOGA JE<br \/>\nZa sve s be\u017eivotnom, bez sjaja kosom kojoj je<br \/>\npotreban dodatan sjaj.<\/p>\n<p>REZULTATI<br \/>\n\u2192 3\u00d7 vi\u0161e sjaja bez ote\u017eavanja kose*<br \/>\n\u2192 Kosa je vi\u0161e hidratizirana<br \/>\n\u2192 Kosa se lako \u010de\u0161lja i lak\u0161a je za ure\u0111ivanje<br \/>\n\u2192 Efekat staklaste kose<\/p>\n<p>NA\u010cIN KORI\u0160TENJA<br \/>\nNanesite na \u0161amponiranu kosu. Ostavite 1\u20133<br \/>\nminute i zatim temeljito isperite.<\/p>\n","protected":false},"excerpt":{"rendered":"<p>Podignite svoju ljestvicu sjaja koriste\u0107i Radiant Gloss Illuminating Hair Gloss,<br \/>\ninovativnu formulu dizajniranu da zagladi, hidratizira i pobolj\u0161a sjaj na kosi. S dodatkom<br \/>\nsastojaka koji reflektiraju svjetlost, obla\u017ee povr\u0161inski sloj kose, poja\u010dava hidriranost i<br \/>\nvlasi \u010dini svilenkasto mekanima sa sjajem nalik zrcalu.<\/p>\n","protected":false},"featured_media":17558,"template":"","meta":{"_acf_changed":false},"product_brand":[],"product_cat":[704,657,863,664,699],"product_tag":[],"class_list":{"0":"post-17628","1":"product","2":"type-product","3":"status-publish","4":"has-post-thumbnail","6":"product_cat-care","7":"product_cat-njega-kose","8":"product_cat-radiant-gloss","9":"product_cat-regenerator","10":"product_cat-robna-marka","12":"first","13":"instock","14":"taxable","15":"shipping-taxable","16":"purchasable","17":"product-type-simple"},"acf":[],"_links":{"self":[{"href":"https:\/\/keune.ba\/webshop\/wp-json\/wp\/v2\/product\/17628","targetHints":{"allow":["GET"]}}],"collection":[{"href":"https:\/\/keune.ba\/webshop\/wp-json\/wp\/v2\/product"}],"about":[{"href":"https:\/\/keune.ba\/webshop\/wp-json\/wp\/v2\/types\/product"}],"version-history":[{"count":1,"href":"https:\/\/keune.ba\/webshop\/wp-json\/wp\/v2\/product\/17628\/revisions"}],"predecessor-version":[{"id":17629,"href":"https:\/\/keune.ba\/webshop\/wp-json\/wp\/v2\/product\/17628\/revisions\/17629"}],"wp:featuredmedia":[{"embeddable":true,"href":"https:\/\/keune.ba\/webshop\/wp-json\/wp\/v2\/media\/17558"}],"wp:attachment":[{"href":"https:\/\/keune.ba\/webshop\/wp-json\/wp\/v2\/media?parent=17628"}],"wp:term":[{"taxonomy":"product_brand","embeddable":true,"href":"https:\/\/keune.ba\/webshop\/wp-json\/wp\/v2\/product_brand?post=17628"},{"taxonomy":"product_cat","embeddable":true,"href":"https:\/\/keune.ba\/webshop\/wp-json\/wp\/v2\/product_cat?post=17628"},{"taxonomy":"product_tag","embeddable":true,"href":"https:\/\/keune.ba\/webshop\/wp-json\/wp\/v2\/product_tag?post=17628"}],"curies":[{"name":"wp","href":"https:\/\/api.w.org\/{rel}","templated":true}]}}