{"id":17638,"date":"2025-09-04T13:56:59","date_gmt":"2025-09-04T11:56:59","guid":{"rendered":"https:\/\/keune.ba\/webshop\/?post_type=product&#038;p=17638"},"modified":"2025-12-18T16:03:04","modified_gmt":"2025-12-18T15:03:04","slug":"vital-nutrition-nourishing-conditioner","status":"publish","type":"product","link":"https:\/\/keune.ba\/webshop\/vital-nutrition-nourishing-conditioner\/","title":{"rendered":"Vital Nutrition \u2014 Nourishing Conditioner"},"content":{"rendered":"<p>ZA\u0160TO DJELUJE<\/p>\n<p>\u2192 Dubinski hidratizira i regenerira<br \/>\nNadomje\u0161ta hidriranost bez ote\u017eavanja kose<br \/>\n\u2192 Zagla\u0111uje i omek\u0161ava<br \/>\n\u010cini kosu svilenkastom i lakom za odr\u017eavanje<br \/>\n\u2192 Osna\u017euje i revitalizira<br \/>\nPoma\u017ee u umanjivanju pucanja i pobolj\u0161avanju<br \/>\notpornosti<br \/>\n\u2192 Poja\u010dava prirodni sjaj<br \/>\nDaje kosi blistav i zdrav izgled<\/p>\n<p>ZA KOGA JE<\/p>\n<p>Za sve sa suhom, dehidriranom ili krhkom kosom<br \/>\nkojoj je potrebna hidratacija.<\/p>\n<p>REZULTATI<\/p>\n<p>\u2192 Kosa je zdravija<br \/>\n\u2192 Obnavlja za\u0161titne lipide<br \/>\n\u2192 Poja\u010dava esencijalne ceramide<br \/>\n\u2192 Kosa je gla\u0111a i sjajnija<br \/>\n\u2192 Kosa je za\u0161ti\u0107ena od vanjskih utjecaja<\/p>\n<p>NA\u010cIN KORI\u0160TENJA<\/p>\n<p>Nanesite na \u0161amponiranu kosu. Ostavite 1\u20133<br \/>\nminute i zatim temeljito isperite.<\/p>\n","protected":false},"excerpt":{"rendered":"<p>Dodajte svojoj kosi bogatu, iscjeljuju\u0107u njegu koriste\u0107i Vital Nutrition Nourishing<br \/>\nConditioner, dizajniran da hidratizira kosu, zagla\u0111uje i osna\u017euje suhe vlasi. Sastojci koji<br \/>\npoja\u010davaju hidriranost, olak\u0161avaju ra\u0161\u0107e\u0161ljavanje, uz istovremeno vra\u0107anje meko\u0107e,<br \/>\nsjaja i lako\u0107e odr\u017eavanja \u2013 \u010dine\u0107i kosu vidno zdravijom i mekom na dodir.<\/p>\n","protected":false},"featured_media":17563,"template":"","meta":{"_acf_changed":false},"product_brand":[],"product_cat":[704,657,664,699,741],"product_tag":[],"class_list":{"0":"post-17638","1":"product","2":"type-product","3":"status-publish","4":"has-post-thumbnail","6":"product_cat-care","7":"product_cat-njega-kose","8":"product_cat-regenerator","9":"product_cat-robna-marka","10":"product_cat-vital-nutrition","12":"first","13":"instock","14":"taxable","15":"shipping-taxable","16":"purchasable","17":"product-type-simple"},"acf":[],"_links":{"self":[{"href":"https:\/\/keune.ba\/webshop\/wp-json\/wp\/v2\/product\/17638","targetHints":{"allow":["GET"]}}],"collection":[{"href":"https:\/\/keune.ba\/webshop\/wp-json\/wp\/v2\/product"}],"about":[{"href":"https:\/\/keune.ba\/webshop\/wp-json\/wp\/v2\/types\/product"}],"version-history":[{"count":1,"href":"https:\/\/keune.ba\/webshop\/wp-json\/wp\/v2\/product\/17638\/revisions"}],"predecessor-version":[{"id":17639,"href":"https:\/\/keune.ba\/webshop\/wp-json\/wp\/v2\/product\/17638\/revisions\/17639"}],"wp:featuredmedia":[{"embeddable":true,"href":"https:\/\/keune.ba\/webshop\/wp-json\/wp\/v2\/media\/17563"}],"wp:attachment":[{"href":"https:\/\/keune.ba\/webshop\/wp-json\/wp\/v2\/media?parent=17638"}],"wp:term":[{"taxonomy":"product_brand","embeddable":true,"href":"https:\/\/keune.ba\/webshop\/wp-json\/wp\/v2\/product_brand?post=17638"},{"taxonomy":"product_cat","embeddable":true,"href":"https:\/\/keune.ba\/webshop\/wp-json\/wp\/v2\/product_cat?post=17638"},{"taxonomy":"product_tag","embeddable":true,"href":"https:\/\/keune.ba\/webshop\/wp-json\/wp\/v2\/product_tag?post=17638"}],"curies":[{"name":"wp","href":"https:\/\/api.w.org\/{rel}","templated":true}]}}