{"id":17668,"date":"2025-09-04T13:57:13","date_gmt":"2025-09-04T11:57:13","guid":{"rendered":"https:\/\/keune.ba\/webshop\/?post_type=product&#038;p=17668"},"modified":"2025-12-18T16:03:08","modified_gmt":"2025-12-18T15:03:08","slug":"velvet-smooth-2-phase-spray","status":"publish","type":"product","link":"https:\/\/keune.ba\/webshop\/velvet-smooth-2-phase-spray\/","title":{"rendered":"Velvet Smooth \u2014 2-phase Spray"},"content":{"rendered":"<p>ZA\u0160TO DJELUJE<br \/>\n\u2192 Osigurava intenzivnu kontrolu frizzy kose<br \/>\nSmiruje \u010dak i najneobuzdaniju<br \/>\nkosu za otmjen, zagla\u0111en izgled<br \/>\n\u2192 \u0160titi od vlage<br \/>\nFormira laganu barijeru za sprje\u010davanje<br \/>\nispucalih i neobuzdanih vlasi<br \/>\n\u2192 Dubinski hrani i osna\u017euje kosu<br \/>\nOja\u010dava kosu dok istovremeno vra\u0107a meko\u0107u<br \/>\ni sjaj<br \/>\n\u2192 Savr\u0161eno za su\u0161enje su\u0161ilom za kosu<br \/>\nili prirodno su\u0161enje na zraku<br \/>\nPobolj\u0161ava glatkost s toplinskom obradom<br \/>\nili bez nje<\/p>\n<p>ZA KOGA JE<br \/>\nZa sve s frizzy, grubom ili neposlu\u0161nom kosom.<\/p>\n<p>REZULTATI<br \/>\n\u2192 Anti-frizzy efekt<br \/>\n\u2192 Anti efekt protiv vlage<br \/>\n\u2192 Kosa je zagla\u0111enija<br \/>\n\u2192 Kosa je hidratizirana<br \/>\n\u2192 Kosa je lak\u0161a za odr\u017eavanje<br \/>\n\u2192 Niska pH razina<\/p>\n<p>NA\u010cIN KORI\u0160TENJA<br \/>\nProtresite prije uporabe. Naprskajte na vla\u017enu<br \/>\nili suhu kosu. Stilizirajte prema \u017eelji.<\/p>\n","protected":false},"excerpt":{"rendered":"<p>Velvet Smooth dvofazni sprej, tretman za trenutno njegu i raspetljavanje kose, Sadr\u017eaj<br \/>\noboga\u0107en je veganskim keratinom, koji regulira ravnote\u017eu vlage, a istovremeno ja\u010da<br \/>\ni zagla\u0111uje kosu.<\/p>\n","protected":false},"featured_media":17579,"template":"","meta":{"_acf_changed":false},"product_brand":[],"product_cat":[704,657,699,670,865],"product_tag":[],"class_list":{"0":"post-17668","1":"product","2":"type-product","3":"status-publish","4":"has-post-thumbnail","6":"product_cat-care","7":"product_cat-njega-kose","8":"product_cat-robna-marka","9":"product_cat-sprej","10":"product_cat-velvet-smooth","12":"first","13":"instock","14":"taxable","15":"shipping-taxable","16":"purchasable","17":"product-type-simple"},"acf":[],"_links":{"self":[{"href":"https:\/\/keune.ba\/webshop\/wp-json\/wp\/v2\/product\/17668","targetHints":{"allow":["GET"]}}],"collection":[{"href":"https:\/\/keune.ba\/webshop\/wp-json\/wp\/v2\/product"}],"about":[{"href":"https:\/\/keune.ba\/webshop\/wp-json\/wp\/v2\/types\/product"}],"version-history":[{"count":1,"href":"https:\/\/keune.ba\/webshop\/wp-json\/wp\/v2\/product\/17668\/revisions"}],"predecessor-version":[{"id":17669,"href":"https:\/\/keune.ba\/webshop\/wp-json\/wp\/v2\/product\/17668\/revisions\/17669"}],"wp:featuredmedia":[{"embeddable":true,"href":"https:\/\/keune.ba\/webshop\/wp-json\/wp\/v2\/media\/17579"}],"wp:attachment":[{"href":"https:\/\/keune.ba\/webshop\/wp-json\/wp\/v2\/media?parent=17668"}],"wp:term":[{"taxonomy":"product_brand","embeddable":true,"href":"https:\/\/keune.ba\/webshop\/wp-json\/wp\/v2\/product_brand?post=17668"},{"taxonomy":"product_cat","embeddable":true,"href":"https:\/\/keune.ba\/webshop\/wp-json\/wp\/v2\/product_cat?post=17668"},{"taxonomy":"product_tag","embeddable":true,"href":"https:\/\/keune.ba\/webshop\/wp-json\/wp\/v2\/product_tag?post=17668"}],"curies":[{"name":"wp","href":"https:\/\/api.w.org\/{rel}","templated":true}]}}