{"id":17696,"date":"2025-09-04T13:57:13","date_gmt":"2025-09-04T11:57:13","guid":{"rendered":"https:\/\/keune.ba\/webshop\/?post_type=product&#038;p=17696"},"modified":"2025-12-18T16:03:09","modified_gmt":"2025-12-18T15:03:09","slug":"blonde-savior-brightening-mask","status":"publish","type":"product","link":"https:\/\/keune.ba\/webshop\/blonde-savior-brightening-mask\/","title":{"rendered":"Blonde Savior \u2014 Brightening Mask"},"content":{"rendered":"<p>ZA\u0160TO DJELUJE<br \/>\n\u2192 Poja\u010dava briljantnost plave boje<br \/>\nO\u017eivljava zagasite tonove za \u017eivahan, suncem<br \/>\nobasjan zavr\u0161etak<br \/>\n\u2192 Dubinski hidratizira i popravlja<br \/>\nDaje hidriranost kako bi kosa ostala sna\u017ena<br \/>\ni svilenkasta<br \/>\n\u2192 Pobolj\u0161ava sjaj i meko\u0107u<br \/>\nIzgla\u0111uje povr\u0161inski sloj kose, za svijetao sjaj<br \/>\n\u2192 Neutralizira zasi\u0107enost ne utje\u010du\u0107i na<br \/>\nnijansu pigmenta<br \/>\nSavr\u0161en za odr\u017eavanje svjetline izme\u0111u<br \/>\ntretmana ljubi\u010dastom bojom<\/p>\n<p>ZA KOGA JE<br \/>\nZa sve s plavom ili kosom s pramenovima koji \u017eele<br \/>\ndu\u017ee odr\u017eati ton svoje boje kose.<\/p>\n<p>REZULTATI<br \/>\n\u2192 Bilje\u017ei se 83% manje pucanja kose*<br \/>\n\u2192 Popravlja 79% o\u0161te\u0107enja od izbijeljivanja**<br \/>\n\u2192 Posvjetljuje kosu s djelovanjem protiv<br \/>\nzasi\u0107enosti<br \/>\n\u2192 Hrani i osna\u017euje kosu<br \/>\n\u2192 Daje 3-dimenzionalni sjaj ne ote\u017eavaju\u0107i kosu<\/p>\n<p>NA\u010cIN KORI\u0160TENJA<br \/>\nNanesite na \u0161amponiranu kosu, nje\u017eno umasirajte<br \/>\ni usredoto\u010dite se na dio od sredine do krajeva.<br \/>\nOstavite 3\u20135 minuta i zatim temeljito isperite.<\/p>\n<p>*Na osnovi instrumentalnog testa nakon 1 rutinskog tretmana sa s proizvodima Blonde Savior (\u0161ampon + maska + leave-in) **Na osnovi instrumentalnog testa nakon 3 rutinska tretmana sa s proizvodima Blonde Savior (\u0161ampon + maska + leave-in).<\/p>\n","protected":false},"excerpt":{"rendered":"<p>Podignite svoju plavu boju ljestvicu vi\u0161e koriste\u0107i Blonde Savior Brightening Mask,<br \/>\nbogati obnavljaju\u0107i tretman dizajniran da poja\u010da svjetlinu, pobolj\u0161a \u010disto\u0107u i dubinski<br \/>\nhrani. Savr\u0161ena za prirodnu blond kosu, izbijeljenu ili plavu kosu s pramenovima, ova<br \/>\nluksuzna maska poma\u017ee u eliminiranju zamorenosti, obnavljanju meko\u0107e i \u010dini va\u0161u<br \/>\nkosu svijetlom, svilenkastom, s 3D sjajem.<\/p>\n","protected":false},"featured_media":17593,"template":"","meta":{"_acf_changed":false},"product_brand":[],"product_cat":[821,704,667,657,699],"product_tag":[],"class_list":{"0":"post-17696","1":"product","2":"type-product","3":"status-publish","4":"has-post-thumbnail","6":"product_cat-blonde-savior","7":"product_cat-care","8":"product_cat-maska","9":"product_cat-njega-kose","10":"product_cat-robna-marka","12":"first","13":"instock","14":"taxable","15":"shipping-taxable","16":"purchasable","17":"product-type-simple"},"acf":[],"_links":{"self":[{"href":"https:\/\/keune.ba\/webshop\/wp-json\/wp\/v2\/product\/17696","targetHints":{"allow":["GET"]}}],"collection":[{"href":"https:\/\/keune.ba\/webshop\/wp-json\/wp\/v2\/product"}],"about":[{"href":"https:\/\/keune.ba\/webshop\/wp-json\/wp\/v2\/types\/product"}],"version-history":[{"count":1,"href":"https:\/\/keune.ba\/webshop\/wp-json\/wp\/v2\/product\/17696\/revisions"}],"predecessor-version":[{"id":17697,"href":"https:\/\/keune.ba\/webshop\/wp-json\/wp\/v2\/product\/17696\/revisions\/17697"}],"wp:featuredmedia":[{"embeddable":true,"href":"https:\/\/keune.ba\/webshop\/wp-json\/wp\/v2\/media\/17593"}],"wp:attachment":[{"href":"https:\/\/keune.ba\/webshop\/wp-json\/wp\/v2\/media?parent=17696"}],"wp:term":[{"taxonomy":"product_brand","embeddable":true,"href":"https:\/\/keune.ba\/webshop\/wp-json\/wp\/v2\/product_brand?post=17696"},{"taxonomy":"product_cat","embeddable":true,"href":"https:\/\/keune.ba\/webshop\/wp-json\/wp\/v2\/product_cat?post=17696"},{"taxonomy":"product_tag","embeddable":true,"href":"https:\/\/keune.ba\/webshop\/wp-json\/wp\/v2\/product_tag?post=17696"}],"curies":[{"name":"wp","href":"https:\/\/api.w.org\/{rel}","templated":true}]}}