{"id":17704,"date":"2025-09-04T13:57:40","date_gmt":"2025-09-04T11:57:40","guid":{"rendered":"https:\/\/keune.ba\/webshop\/?post_type=product&#038;p=17704"},"modified":"2025-12-18T16:03:12","modified_gmt":"2025-12-18T15:03:12","slug":"confident-curl-curl-enhancing-mask","status":"publish","type":"product","link":"https:\/\/keune.ba\/webshop\/confident-curl-curl-enhancing-mask\/","title":{"rendered":"Confident Curl \u2014 Curl Enhancing Mask"},"content":{"rendered":"<p>ZA\u0160TO DJELUJE<br \/>\n\u2192 Dubinski hidratizira i obnavlja elasti\u010dnost<br \/>\nDaje kosi hidratantnost kako bi odr\u017eala kovr\u010de<br \/>\notpornim i zdravim<br \/>\n\u2192 Pobolj\u0161ava definiranost i elasti\u010dnost kovr\u010da<br \/>\nO\u017eivljava prirodni oblik i pokretljivost kovr\u010da<br \/>\n\u2192 Suzbija frizzy efekt i dodaje sjaj<br \/>\nZagla\u0111uje povr\u0161inski sloj za sjajne, dobro<br \/>\ndefinirane kovr\u010de<br \/>\n\u2192 Osna\u017euje i omek\u0161ava<br \/>\nPoma\u017ee u sprje\u010davanju pucanja dok<br \/>\nistovremeno \u010dini kosu svilenkasto glatko<\/p>\n<p>ZA KOGA JE<br \/>\nZa sve s valovitom, kovr\u010davom ili jako kovr\u010davom<br \/>\nkosom, koji \u017eele pobolj\u0161ati prirodni oblik i teksturu<br \/>\nsvoje kose.<br \/>\nTipovi kose: 2A\u20134C<\/p>\n<p>REZULTATI<br \/>\n\u2192 Smanjenje frizzy efekta<br \/>\n\u2192 24-satna za\u0161tita od 90% vlage*<br \/>\n\u2192 Pobolj\u0161ava definiranost i elasti\u010dnost kovr\u010da<br \/>\n\u2192 Dugotrajna kontrola frizzy efekta<br \/>\n\u2192 Poja\u010dava hidrataciju i prirodni sjaj<\/p>\n<p>NA\u010cIN KORI\u0160TENJA<br \/>\nNanesite na \u0161amponiranu kosu, prstima nje\u017eno<br \/>\nrazmrsite kosu i povucite kroz vrhove kako biste ih<br \/>\npodrobno hidratizirali. Ostavite 3\u20135 minute ili du\u017ee<br \/>\nprema \u017eelji i zatim temeljito isperite.<\/p>\n","protected":false},"excerpt":{"rendered":"<p>Confident Curl Curl Enhancing Mask je bogata, obnavljaju\u0107a formula koja isti\u010de ono<br \/>\nnajbolje u prirodnoj teksturi, dizajnirana da hrani i definira kovr\u010de, \u010dine\u0107i ih mekim i<br \/>\nsjajnim, s prelijepom elasti\u010dnosti.<\/p>\n","protected":false},"featured_media":17597,"template":"","meta":{"_acf_changed":false},"product_brand":[],"product_cat":[704,859,667,657,699],"product_tag":[],"class_list":{"0":"post-17704","1":"product","2":"type-product","3":"status-publish","4":"has-post-thumbnail","6":"product_cat-care","7":"product_cat-confident-curl","8":"product_cat-maska","9":"product_cat-njega-kose","10":"product_cat-robna-marka","12":"first","13":"instock","14":"taxable","15":"shipping-taxable","16":"purchasable","17":"product-type-simple"},"acf":[],"_links":{"self":[{"href":"https:\/\/keune.ba\/webshop\/wp-json\/wp\/v2\/product\/17704","targetHints":{"allow":["GET"]}}],"collection":[{"href":"https:\/\/keune.ba\/webshop\/wp-json\/wp\/v2\/product"}],"about":[{"href":"https:\/\/keune.ba\/webshop\/wp-json\/wp\/v2\/types\/product"}],"version-history":[{"count":1,"href":"https:\/\/keune.ba\/webshop\/wp-json\/wp\/v2\/product\/17704\/revisions"}],"predecessor-version":[{"id":17705,"href":"https:\/\/keune.ba\/webshop\/wp-json\/wp\/v2\/product\/17704\/revisions\/17705"}],"wp:featuredmedia":[{"embeddable":true,"href":"https:\/\/keune.ba\/webshop\/wp-json\/wp\/v2\/media\/17597"}],"wp:attachment":[{"href":"https:\/\/keune.ba\/webshop\/wp-json\/wp\/v2\/media?parent=17704"}],"wp:term":[{"taxonomy":"product_brand","embeddable":true,"href":"https:\/\/keune.ba\/webshop\/wp-json\/wp\/v2\/product_brand?post=17704"},{"taxonomy":"product_cat","embeddable":true,"href":"https:\/\/keune.ba\/webshop\/wp-json\/wp\/v2\/product_cat?post=17704"},{"taxonomy":"product_tag","embeddable":true,"href":"https:\/\/keune.ba\/webshop\/wp-json\/wp\/v2\/product_tag?post=17704"}],"curies":[{"name":"wp","href":"https:\/\/api.w.org\/{rel}","templated":true}]}}