{"id":17718,"date":"2025-09-04T13:57:40","date_gmt":"2025-09-04T11:57:40","guid":{"rendered":"https:\/\/keune.ba\/webshop\/?post_type=product&#038;p=17718"},"modified":"2025-12-18T16:03:12","modified_gmt":"2025-12-18T15:03:12","slug":"long-strong-super-serum","status":"publish","type":"product","link":"https:\/\/keune.ba\/webshop\/long-strong-super-serum\/","title":{"rendered":"Long &amp; Strong \u2014 Super Serum"},"content":{"rendered":"<p>ZA\u0160TO DJELUJE<br \/>\n\u2192 Stimulira rast kose u korijenu<br \/>\nPoti\u010de puniji, gu\u0161\u0107i izgled kose<br \/>\n\u2192 Biomimeti\u010dki peptidi za ciljane rezultate<br \/>\nOpona\u0161aju prirodnu signalizaciju za podr\u0161ku<br \/>\nzdravijem rastu<br \/>\n\u2192 Osna\u017euje i u\u010dvr\u0161\u0107uje korijene vlasi kose<br \/>\nPoma\u017ee u umanjivanju opadanje kose i<br \/>\npobolj\u0161avanju otpornosti<br \/>\n\u2192 Nemasno i s brzom apsorpcijom<br \/>\nIdealno za svakodnevnu uporabu bez talo\u017eenja<\/p>\n<p>ZA KOGA JE<br \/>\nZa sve koji imaju problema sa smanjenjem gusto\u0107e<br \/>\nkose, gubitkom kose i oslabljenom, lomljivom kosom.<\/p>\n<p>REZULTATI<br \/>\n\u2192 94% sudionika istra\u017eivanja pokazalo je<br \/>\nsmanjenje gubitka kose, \u0161to je dokazano<br \/>\nzna\u010dajnim pove\u0107anjem omjera anagene\/<br \/>\ntelogene faze, nakon 60 dana*<br \/>\n\u2192 94% sudionika istra\u017eivanja pokazalo je<br \/>\npove\u0107anje u gusto\u0107i novih vlasi kose nakon 60<br \/>\ndana*<\/p>\n<p>NA\u010cIN KORI\u0160TENJA<br \/>\nOperite kosu s Care Long &amp; Strong \u0161amponom<br \/>\ni regeneratorom. Osu\u0161ite ru\u010dnikom i nanesite na<br \/>\nvlasi\u0161te dio po dio. Nje\u017eno umasirajte. Nemojte<br \/>\nispirati. Stilizirajte po \u017eelji.<\/p>\n<p>*Rezultati 60 dnevnog klini\u010dkog istra\u017eivanja<\/p>\n","protected":false},"excerpt":{"rendered":"<p>Stimulirajte i osna\u017eite svoju kosu s Long &amp; Strong Super Serum, visokotehnolo\u0161kom<br \/>\nformulom dizajniranom za podr\u017eavanje iz korijena zdravije kose punijeg izgleda. S<br \/>\npomo\u0107u biomimeti\u010dkih peptida koji opona\u0161aju prirodne signale rasta, ovaj lagani<br \/>\nserum poma\u017ee u revitaliziranju vlasi\u0161ta, produ\u017eavanju ciklusa rasta kose i umanjivanju<br \/>\nstanjivanja tijekom vremena.<\/p>\n","protected":false},"featured_media":17604,"template":"","meta":{"_acf_changed":false},"product_brand":[],"product_cat":[704,861,657,699,671],"product_tag":[],"class_list":{"0":"post-17718","1":"product","2":"type-product","3":"status-publish","4":"has-post-thumbnail","6":"product_cat-care","7":"product_cat-long-strong","8":"product_cat-njega-kose","9":"product_cat-robna-marka","10":"product_cat-serum","12":"first","13":"outofstock","14":"taxable","15":"shipping-taxable","16":"purchasable","17":"product-type-simple"},"acf":[],"_links":{"self":[{"href":"https:\/\/keune.ba\/webshop\/wp-json\/wp\/v2\/product\/17718","targetHints":{"allow":["GET"]}}],"collection":[{"href":"https:\/\/keune.ba\/webshop\/wp-json\/wp\/v2\/product"}],"about":[{"href":"https:\/\/keune.ba\/webshop\/wp-json\/wp\/v2\/types\/product"}],"version-history":[{"count":2,"href":"https:\/\/keune.ba\/webshop\/wp-json\/wp\/v2\/product\/17718\/revisions"}],"predecessor-version":[{"id":17975,"href":"https:\/\/keune.ba\/webshop\/wp-json\/wp\/v2\/product\/17718\/revisions\/17975"}],"wp:featuredmedia":[{"embeddable":true,"href":"https:\/\/keune.ba\/webshop\/wp-json\/wp\/v2\/media\/17604"}],"wp:attachment":[{"href":"https:\/\/keune.ba\/webshop\/wp-json\/wp\/v2\/media?parent=17718"}],"wp:term":[{"taxonomy":"product_brand","embeddable":true,"href":"https:\/\/keune.ba\/webshop\/wp-json\/wp\/v2\/product_brand?post=17718"},{"taxonomy":"product_cat","embeddable":true,"href":"https:\/\/keune.ba\/webshop\/wp-json\/wp\/v2\/product_cat?post=17718"},{"taxonomy":"product_tag","embeddable":true,"href":"https:\/\/keune.ba\/webshop\/wp-json\/wp\/v2\/product_tag?post=17718"}],"curies":[{"name":"wp","href":"https:\/\/api.w.org\/{rel}","templated":true}]}}