{"id":17730,"date":"2025-09-04T13:57:40","date_gmt":"2025-09-04T11:57:40","guid":{"rendered":"https:\/\/keune.ba\/webshop\/?post_type=product&#038;p=17730"},"modified":"2025-12-18T16:03:04","modified_gmt":"2025-12-18T15:03:04","slug":"vital-nutrition-nourishing-mask","status":"publish","type":"product","link":"https:\/\/keune.ba\/webshop\/vital-nutrition-nourishing-mask\/","title":{"rendered":"Vital Nutrition \u2014 Nourishing Mask 50ml"},"content":{"rendered":"<p>ZA\u0160TO DJELUJE<br \/>\n\u2192 Dubinska regeneracija i popravljanje<br \/>\nOsna\u017euje oslabljenu kosu<br \/>\n\u2192 Intenzivno hidriraju\u0107a<br \/>\nVra\u0107a hidriranost i elasti\u010dnost za meke,<br \/>\nbujne vlasi<br \/>\n\u2192 Izgla\u0111uje i kontrolira frizzy efekt<br \/>\nZatvara povr\u0161inski sloj za ugla\u0111en,<br \/>\nelegantan izgled<br \/>\n\u2192 Obnavlja sjaj i lako\u0107u odr\u017eavanja<br \/>\n\u010cini kosu sjajnom, lakom za ure\u0111ivanje<br \/>\ni punom \u017eivahnosti<\/p>\n<p>ZA KOGA JE<br \/>\nZa sve sa suhom, dehidriranom ili krhkom kosom<br \/>\nkojoj je potrebna hidratacija.<\/p>\n<p>REZULTATI<br \/>\n\u2192 Kosa je 77% nahranjenija*<br \/>\n\u2192 84% manje pucanja<br \/>\n\u2192 Kosa je zdravija<br \/>\n\u2192 Nadopunjuju se za\u0161titni lipidi<br \/>\n\u2192 Poja\u010dava ceramide<br \/>\n\u2192 Kosa je gla\u0111a i sjajnija<br \/>\n\u2192 Kosa je za\u0161ti\u0107ena od vanjskih utjecaja<\/p>\n<p>NA\u010cIN KORI\u0160TENJA<br \/>\nNanesite na \u0161amponiranu kosu. Nje\u017eno umasirajte,<br \/>\nopcionalno umotajte kosu u vru\u0107i ru\u010dnik. Ostavite<br \/>\n3\u20135 minuta i zatim temeljito isperite. Osu\u0161ite<br \/>\nru\u010dnikom.<\/p>\n","protected":false},"excerpt":{"rendered":"<p>Transformirajte suhu, umornu kosu koriste\u0107i Vital Nutrition Nourishing Mask, bogati,<br \/>\niznimno hidratiziraju\u0107i tretman dizajniran da dubinski regenerira, popravlja i vra\u0107a<br \/>\nmeko\u0107u. Ova ugodna maska donosi nalet hidriranosti i hranjivih tvari, \u010dine\u0107i kosu<br \/>\nsvilenkasto glatkom, sna\u017enom i prelijepo revitaliziranom.<\/p>\n","protected":false},"featured_media":17610,"template":"","meta":{"_acf_changed":false},"product_brand":[],"product_cat":[704,667,657,699,741],"product_tag":[],"class_list":{"0":"post-17730","1":"product","2":"type-product","3":"status-publish","4":"has-post-thumbnail","6":"product_cat-care","7":"product_cat-maska","8":"product_cat-njega-kose","9":"product_cat-robna-marka","10":"product_cat-vital-nutrition","12":"first","13":"instock","14":"taxable","15":"shipping-taxable","16":"purchasable","17":"product-type-simple"},"acf":[],"_links":{"self":[{"href":"https:\/\/keune.ba\/webshop\/wp-json\/wp\/v2\/product\/17730","targetHints":{"allow":["GET"]}}],"collection":[{"href":"https:\/\/keune.ba\/webshop\/wp-json\/wp\/v2\/product"}],"about":[{"href":"https:\/\/keune.ba\/webshop\/wp-json\/wp\/v2\/types\/product"}],"version-history":[{"count":2,"href":"https:\/\/keune.ba\/webshop\/wp-json\/wp\/v2\/product\/17730\/revisions"}],"predecessor-version":[{"id":17752,"href":"https:\/\/keune.ba\/webshop\/wp-json\/wp\/v2\/product\/17730\/revisions\/17752"}],"wp:featuredmedia":[{"embeddable":true,"href":"https:\/\/keune.ba\/webshop\/wp-json\/wp\/v2\/media\/17610"}],"wp:attachment":[{"href":"https:\/\/keune.ba\/webshop\/wp-json\/wp\/v2\/media?parent=17730"}],"wp:term":[{"taxonomy":"product_brand","embeddable":true,"href":"https:\/\/keune.ba\/webshop\/wp-json\/wp\/v2\/product_brand?post=17730"},{"taxonomy":"product_cat","embeddable":true,"href":"https:\/\/keune.ba\/webshop\/wp-json\/wp\/v2\/product_cat?post=17730"},{"taxonomy":"product_tag","embeddable":true,"href":"https:\/\/keune.ba\/webshop\/wp-json\/wp\/v2\/product_tag?post=17730"}],"curies":[{"name":"wp","href":"https:\/\/api.w.org\/{rel}","templated":true}]}}