{"id":17732,"date":"2025-09-04T13:57:40","date_gmt":"2025-09-04T11:57:40","guid":{"rendered":"https:\/\/keune.ba\/webshop\/?post_type=product&#038;p=17732"},"modified":"2025-12-18T16:03:07","modified_gmt":"2025-12-18T15:03:07","slug":"color-brillianz-anti-fade-mask","status":"publish","type":"product","link":"https:\/\/keune.ba\/webshop\/color-brillianz-anti-fade-mask\/","title":{"rendered":"Color Brillianz \u2014 Anti-fade Mask 50ml"},"content":{"rendered":"<p>ZA\u0160TO DJELUJE<br \/>\n\u2192 Zadr\u017eava intenzitet boje<br \/>\nPoma\u017ee u sprje\u010davanju blije\u0111enja i be\u017eivotnosti<br \/>\ntijekom vremena<br \/>\n\u2192 Dubinski hrani i popravlja<br \/>\nNadomje\u0161ta hidriranost i obnavlja meko\u0107u<br \/>\n\u2192 Zatvara povr\u0161inski sloj za trajni sjaj<br \/>\nPobolj\u0161ava blje\u0161tavost boje i lako\u0107u odr\u017eavanja<br \/>\n\u2192 \u0160titi od vanjskih agresora<br \/>\n\u0160titi kosu od UV zraka, zaga\u0111enja i stresa od<br \/>\nure\u0111ivanja<\/p>\n<p>ZA KOGA JE<br \/>\nZa sve tko ima obojenu kosu i \u017eeli du\u017ee zadr\u017eati<br \/>\nvibrantnost boje.<\/p>\n<p>REZULTATI<br \/>\n\u2192 Kosa je do 86% nahranjenija*<br \/>\n\u2192 Dugotrajan intenzitet boje do 24 pranja<br \/>\n\u2192 Za\u0161tita boje od blije\u0111enja do 8 tjedana**<br \/>\n\u2192 Za\u0161tita od UV zra\u010denja<br \/>\n\u2192 Hidratizira i zagla\u0111uje, za zdravu i blje\u0161tavu kosu<\/p>\n<p>NA\u010cIN KORI\u0160TENJA<br \/>\nNanesite na \u0161amponiranu kosu. Nje\u017eno umasirajte<br \/>\ni ostavite 3\u20135 minuta. Opcionalno omotajte kosu<br \/>\nu vru\u0107i ru\u010dnik. Temeljito isperite i osu\u0161ite ru\u010dnikom<\/p>\n<p>*Instrumentalni test nakon 1 primjene proizvoda Anti-fade Sulfate-free Shampoo + Anti-fade Mask u usporedbi primjene \u0161ampona bez regeneratora **Instrumentalni test. Izvr\u0161en na kosi tretiranoj s bojom Tinta Color 7. 46RI pra\u0107enom<br \/>\nproizvodima Anti-fade Shampoo + Anti-fade Mask + Anti-fade Color Protection Spray<\/p>\n","protected":false},"excerpt":{"rendered":"<p>O\u017eivite i za\u0161titite svoju obojanu kosu koriste\u0107i Color Brillianz Anti-Fade Mask, bogati,<br \/>\ndubinski hranjivi tretman dizajniran da zaklju\u010da boju, obnovi hidriranost i pobolj\u0161a<br \/>\ndugotrajnu postojanost. Formulirana sa sastojcima koji \u0161tite boju i antioksidansima,<br \/>\nova intenzivna maska osna\u017euje i zagla\u0111uje svaku vlas.<\/p>\n","protected":false},"featured_media":17611,"template":"","meta":{"_acf_changed":false},"product_brand":[],"product_cat":[704,743,667,657,699],"product_tag":[],"class_list":{"0":"post-17732","1":"product","2":"type-product","3":"status-publish","4":"has-post-thumbnail","6":"product_cat-care","7":"product_cat-color-brillianz","8":"product_cat-maska","9":"product_cat-njega-kose","10":"product_cat-robna-marka","12":"first","13":"instock","14":"taxable","15":"shipping-taxable","16":"purchasable","17":"product-type-simple"},"acf":[],"_links":{"self":[{"href":"https:\/\/keune.ba\/webshop\/wp-json\/wp\/v2\/product\/17732","targetHints":{"allow":["GET"]}}],"collection":[{"href":"https:\/\/keune.ba\/webshop\/wp-json\/wp\/v2\/product"}],"about":[{"href":"https:\/\/keune.ba\/webshop\/wp-json\/wp\/v2\/types\/product"}],"version-history":[{"count":2,"href":"https:\/\/keune.ba\/webshop\/wp-json\/wp\/v2\/product\/17732\/revisions"}],"predecessor-version":[{"id":17753,"href":"https:\/\/keune.ba\/webshop\/wp-json\/wp\/v2\/product\/17732\/revisions\/17753"}],"wp:featuredmedia":[{"embeddable":true,"href":"https:\/\/keune.ba\/webshop\/wp-json\/wp\/v2\/media\/17611"}],"wp:attachment":[{"href":"https:\/\/keune.ba\/webshop\/wp-json\/wp\/v2\/media?parent=17732"}],"wp:term":[{"taxonomy":"product_brand","embeddable":true,"href":"https:\/\/keune.ba\/webshop\/wp-json\/wp\/v2\/product_brand?post=17732"},{"taxonomy":"product_cat","embeddable":true,"href":"https:\/\/keune.ba\/webshop\/wp-json\/wp\/v2\/product_cat?post=17732"},{"taxonomy":"product_tag","embeddable":true,"href":"https:\/\/keune.ba\/webshop\/wp-json\/wp\/v2\/product_tag?post=17732"}],"curies":[{"name":"wp","href":"https:\/\/api.w.org\/{rel}","templated":true}]}}

<p>ZAŠTO DJELUJE<br />
→ Zadržava intenzitet boje<br />
Pomaže u sprječavanju blijeđenja i beživotnosti<br />
tijekom vremena<br />
→ Dubinski hrani i popravlja<br />
Nadomješta hidriranost i obnavlja mekoću<br />
→ Zatvara površinski sloj za trajni sjaj<br />
Poboljšava blještavost boje i lakoću održavanja<br />
→ Štiti od vanjskih agresora<br />
Štiti kosu od UV zraka, zagađenja i stresa od<br />
uređivanja</p>
<p>ZA KOGA JE<br />
Za sve tko ima obojenu kosu i želi duže zadržati<br />
vibrantnost boje.</p>
<p>REZULTATI<br />
→ Kosa je do 86% nahranjenija*<br />
→ Dugotrajan intenzitet boje do 24 pranja<br />
→ Zaštita boje od blijeđenja do 8 tjedana**<br />
→ Zaštita od UV zračenja<br />
→ Hidratizira i zaglađuje, za zdravu i blještavu kosu</p>
<p>NAČIN KORIŠTENJA<br />
Nanesite na šamponiranu kosu. Nježno umasirajte<br />
i ostavite 3–5 minuta. Opcionalno omotajte kosu<br />
u vrući ručnik. Temeljito isperite i osušite ručnikom</p>
<p>*Instrumentalni test nakon 1 primjene proizvoda Anti-fade Sulfate-free Shampoo + Anti-fade Mask u usporedbi primjene šampona bez regeneratora **Instrumentalni test. Izvršen na kosi tretiranoj s bojom Tinta Color 7. 46RI praćenom<br />
proizvodima Anti-fade Shampoo + Anti-fade Mask + Anti-fade Color Protection Spray</p>

<p>Oživite i zaštitite svoju obojanu kosu koristeći Color Brillianz Anti-Fade Mask, bogati,<br />
dubinski hranjivi tretman dizajniran da zaključa boju, obnovi hidriranost i poboljša<br />
dugotrajnu postojanost. Formulirana sa sastojcima koji štite boju i antioksidansima,<br />
ova intenzivna maska osnažuje i zaglađuje svaku vlas.</p>
