{"id":17962,"date":"2025-11-05T16:48:33","date_gmt":"2025-11-05T15:48:33","guid":{"rendered":"https:\/\/keune.ba\/webshop\/?post_type=product&#038;p=17962"},"modified":"2026-02-15T21:46:38","modified_gmt":"2026-02-15T20:46:38","slug":"gift-box-velvet","status":"publish","type":"product","link":"https:\/\/keune.ba\/webshop\/gift-box-velvet\/","title":{"rendered":"Gift Box &#8211; Velvet"},"content":{"rendered":"<p data-start=\"1090\" data-end=\"1493\"><strong data-start=\"1090\" data-end=\"1128\">Upoznajte Keune Velvet poklon set:<\/strong> Velvet Smooth Anti-Frizz Shampoo, Velvet Smooth Anti-Frizz Conditioner i Velvet Cloud mousse. \u0160ampon \u010disti i zagla\u0111uje kosu, smanjuje elektricitet i \u010dini kosu mek\u0161om i lak\u0161om za oblikovanje. Regenerator dodaje vlagu, olak\u0161ava ra\u0161\u010de\u0161ljavanje i daje dugotrajan sjaj, \u010dak i pri vla\u017enom vremenu. Zavr\u0161ite s Velvet Cloud pjenom za lagani volumen i svilenkast osje\u0107aj.<\/p>\n<p data-start=\"1495\" data-end=\"1512\"><strong data-start=\"1495\" data-end=\"1510\">Set sadr\u017ei:<\/strong><\/p>\n<ul data-start=\"1513\" data-end=\"1619\">\n<li data-start=\"1513\" data-end=\"1547\">\n<p data-start=\"1515\" data-end=\"1547\">Velvet Smooth Shampoo (300 ml)<\/p>\n<\/li>\n<li data-start=\"1548\" data-end=\"1586\">\n<p data-start=\"1550\" data-end=\"1586\">Velvet Smooth Conditioner (250 ml)<\/p>\n<\/li>\n<li data-start=\"1587\" data-end=\"1619\">\n<p data-start=\"1589\" data-end=\"1619\">Velvet Cloud (putno pakiranje)<\/p>\n<\/li>\n<\/ul>\n","protected":false},"excerpt":{"rendered":"<p data-start=\"1495\" data-end=\"1512\"><strong data-start=\"1495\" data-end=\"1510\">Set sadr\u017ei:<\/strong><\/p>\n<ul data-start=\"1513\" data-end=\"1619\">\n<li data-start=\"1513\" data-end=\"1547\">\n<p data-start=\"1515\" data-end=\"1547\">Velvet Smooth Shampoo (300 ml)<\/p>\n<\/li>\n<li data-start=\"1548\" data-end=\"1586\">\n<p data-start=\"1550\" data-end=\"1586\">Velvet Smooth Conditioner (250 ml)<\/p>\n<\/li>\n<li data-start=\"1587\" data-end=\"1619\">\n<p data-start=\"1589\" data-end=\"1619\">Velvet Cloud (putno pakiranje)<\/p>\n<\/li>\n<\/ul>\n","protected":false},"featured_media":17947,"template":"","meta":{"_acf_changed":false},"product_brand":[],"product_cat":[704,866,657,664,699,663,865],"product_tag":[],"class_list":{"0":"post-17962","1":"product","2":"type-product","3":"status-publish","4":"has-post-thumbnail","6":"product_cat-care","7":"product_cat-gift-boxes","8":"product_cat-njega-kose","9":"product_cat-regenerator","10":"product_cat-robna-marka","11":"product_cat-sampon","12":"product_cat-velvet-smooth","14":"first","15":"instock","16":"taxable","17":"shipping-taxable","18":"purchasable","19":"product-type-simple"},"acf":[],"_links":{"self":[{"href":"https:\/\/keune.ba\/webshop\/wp-json\/wp\/v2\/product\/17962","targetHints":{"allow":["GET"]}}],"collection":[{"href":"https:\/\/keune.ba\/webshop\/wp-json\/wp\/v2\/product"}],"about":[{"href":"https:\/\/keune.ba\/webshop\/wp-json\/wp\/v2\/types\/product"}],"version-history":[{"count":2,"href":"https:\/\/keune.ba\/webshop\/wp-json\/wp\/v2\/product\/17962\/revisions"}],"predecessor-version":[{"id":18116,"href":"https:\/\/keune.ba\/webshop\/wp-json\/wp\/v2\/product\/17962\/revisions\/18116"}],"wp:featuredmedia":[{"embeddable":true,"href":"https:\/\/keune.ba\/webshop\/wp-json\/wp\/v2\/media\/17947"}],"wp:attachment":[{"href":"https:\/\/keune.ba\/webshop\/wp-json\/wp\/v2\/media?parent=17962"}],"wp:term":[{"taxonomy":"product_brand","embeddable":true,"href":"https:\/\/keune.ba\/webshop\/wp-json\/wp\/v2\/product_brand?post=17962"},{"taxonomy":"product_cat","embeddable":true,"href":"https:\/\/keune.ba\/webshop\/wp-json\/wp\/v2\/product_cat?post=17962"},{"taxonomy":"product_tag","embeddable":true,"href":"https:\/\/keune.ba\/webshop\/wp-json\/wp\/v2\/product_tag?post=17962"}],"curies":[{"name":"wp","href":"https:\/\/api.w.org\/{rel}","templated":true}]}}