{"id":17967,"date":"2025-11-05T16:56:03","date_gmt":"2025-11-05T15:56:03","guid":{"rendered":"https:\/\/keune.ba\/webshop\/?post_type=product&#038;p=17967"},"modified":"2025-11-05T17:00:24","modified_gmt":"2025-11-05T16:00:24","slug":"mirisna-svijeca","status":"publish","type":"product","link":"https:\/\/keune.ba\/webshop\/mirisna-svijeca\/","title":{"rendered":"Keune mirisna svije\u0107a"},"content":{"rendered":"<p data-start=\"695\" data-end=\"764\"><strong data-start=\"695\" data-end=\"737\">Otkrijte na\u0161u luksuznu mirisnu svije\u0107u<\/strong><br data-start=\"737\" data-end=\"740\" \/><strong data-start=\"740\" data-end=\"750\">Miris:<\/strong> Royal Amber<\/p>\n<p data-start=\"766\" data-end=\"938\">Zamislite ugodan zagrljaj toplog svjetla, obavijen bogatim jantarnim notama i bar\u0161unastom toplinom. Miris koji podsje\u0107a na dom: nenametljivo elegantan, beskrajno umiruju\u0107i.<\/p>\n","protected":false},"excerpt":{"rendered":"<p><strong data-start=\"695\" data-end=\"737\">Otkrijte na\u0161u luksuznu mirisnu svije\u0107u<\/strong><br data-start=\"737\" data-end=\"740\" \/><strong data-start=\"740\" data-end=\"750\">Miris:<\/strong> Royal Amber<\/p>\n","protected":false},"featured_media":17951,"template":"","meta":{"_acf_changed":false},"product_brand":[],"product_cat":[866],"product_tag":[],"class_list":{"0":"post-17967","1":"product","2":"type-product","3":"status-publish","4":"has-post-thumbnail","6":"product_cat-gift-boxes","8":"first","9":"instock","10":"taxable","11":"shipping-taxable","12":"purchasable","13":"product-type-simple"},"acf":[],"_links":{"self":[{"href":"https:\/\/keune.ba\/webshop\/wp-json\/wp\/v2\/product\/17967","targetHints":{"allow":["GET"]}}],"collection":[{"href":"https:\/\/keune.ba\/webshop\/wp-json\/wp\/v2\/product"}],"about":[{"href":"https:\/\/keune.ba\/webshop\/wp-json\/wp\/v2\/types\/product"}],"version-history":[{"count":1,"href":"https:\/\/keune.ba\/webshop\/wp-json\/wp\/v2\/product\/17967\/revisions"}],"predecessor-version":[{"id":17968,"href":"https:\/\/keune.ba\/webshop\/wp-json\/wp\/v2\/product\/17967\/revisions\/17968"}],"wp:featuredmedia":[{"embeddable":true,"href":"https:\/\/keune.ba\/webshop\/wp-json\/wp\/v2\/media\/17951"}],"wp:attachment":[{"href":"https:\/\/keune.ba\/webshop\/wp-json\/wp\/v2\/media?parent=17967"}],"wp:term":[{"taxonomy":"product_brand","embeddable":true,"href":"https:\/\/keune.ba\/webshop\/wp-json\/wp\/v2\/product_brand?post=17967"},{"taxonomy":"product_cat","embeddable":true,"href":"https:\/\/keune.ba\/webshop\/wp-json\/wp\/v2\/product_cat?post=17967"},{"taxonomy":"product_tag","embeddable":true,"href":"https:\/\/keune.ba\/webshop\/wp-json\/wp\/v2\/product_tag?post=17967"}],"curies":[{"name":"wp","href":"https:\/\/api.w.org\/{rel}","templated":true}]}}